of m - ((-2)/(-2) - 3)?
0
Let k(o) = 2*o**2 + 20*o - 99. Let u be k(6). Let i = u + 233. What is the tens digit of i?
2
Suppose -164*w - 447258 = -12360054. What is the hundreds digit of w?
6
Suppose 4*n = -1103 + 4915. Suppose 5*q + 4*p = n, 4*q + 0*p - 2*p - 778 = 0. Suppose -q = -2*d + s, -5*d + 2*s + 489 = 6*s. What is the units digit of d?
7
Let o = -565 - -565. Suppose -10*v + 5*v + g + 7015 = o, 2*v - 5*g = 2806. What is the hundreds digit of v?
4
Let t(s) = -8*s**2 - 7*s + 8. Let v be t(3). Let o = -93 - v. What is the tens digit of ((-150)/o)/(3/36)?
2
Let a(s) = -10*s + 145. Let r be a(13). Suppose -51*w + r*w = -39708. What is the thousands digit of w?
1
What is the units digit of 4840 - (7 + 48)/11?
5
Let i = 1172 + 27123. What is the tens digit of i?
9
Let j(d) = d**3 - 2*d**2 - 4*d - 244. Let l be j(0). Let s = 791 + l. What is the units digit of s?
7
Let w = -306 + 310. Suppose -w*c = 5*c - 3123. What is the units digit of c?
7
Let f(z) be the second derivative of z**4/6 - 25*z**3/3 + 3*z**2/2 - 12*z. What is the tens digit of f(-11)?
9
Let u(w) = w**3 + 38*w**2 - 74*w + 54. Let j be u(-36). Let x = j - 3783. What is the hundreds digit of x?
5
Let q(i) = i**3 + 22*i**2 - 44*i + 119. What is the tens digit of q(-24)?
2
Let m(v) = v**2 + 17*v + 5. Let r be m(-17). What is the units digit of -7 - r/((-25)/4220)?
7
Let a be (-3)/(((-1)/4)/1). Let l be 3 - a/4 - -4. Suppose 15 - 87 = -l*w. What is the units digit of w?
8
Suppose 0 = -4*i + 2*r - 136, 41*r - 16 = 37*r. Let d = 15 + 91. What is the units digit of d/8 - (-8)/i?
3
Suppose 5*w - 5 - 10 = 0. Suppose -2*b + w*b = 4. What is the units digit of b?
4
Let r(x) = -2*x**3 - 12*x**2 - 34*x + 142. What is the units digit of r(-15)?
2
Suppose 14085 = y - 4*h, -4*y + 56359 = -160*h + 163*h. What is the units digit of y?
9
What is the ten thousands digit of (1 - -37)*1*122/(-2)*-10?
2
Suppose -5*s + 42490 = 3*y, -5*s - 56735 = 55*y - 59*y. What is the hundreds digit of y?
1
What is the hundreds digit of ((-42)/(-30) + 3/5)*(-232503)/(-114)?
0
What is the units digit of ((-8721)/(-76))/(-9)*(-3376)/6?
4
Suppose -3*p - 517 = -4*q + 3, 0 = -2*q - p + 270. Let m = -188 + q. Let i = 159 + m. What is the hundreds digit of i?
1
Let f be 26 + -26 + -5 + 1. What is the tens digit of 1/f - ((-319275)/44)/9?
0
Suppose 86*h + 20031 = 88*h + 5*s, -4*h + 39964 = -4*s. What is the units digit of h?
8
Let o(b) be the third derivative of -b**6/30 - b**5/12 + 7*b**4/24 + 43*b**3/6 + 18*b**2 - 5*b. What is the tens digit of o(-6)?
8
Suppose 4*c + 68255 = 3*f, 31*f = 26*f - 2*c + 113819. What is the units digit of f?
1
Suppose 37*i + 116*i = -17*i + 2405330. What is the units digit of i?
9
Suppose -17*m + 43007 + 123191 - 28311 = 0. What is the tens digit of m?
1
Suppose -28 = 24*z - 20*z. What is the units digit of (-18*(-7)/49)/((-1)/z)?
8
Let d be 0 - -5 - (2 + -2)/(-6). Let o(q) = 32*q**2 - 3*q - 5. What is the units digit of o(d)?
0
Let u = 14322 + 469. What is the ten thousands digit of u?
1
Let m(a) = -450*a + 13324. What is the thousands digit of m(-50)?
5
Suppose 4*h + 103 = -233. What is the units digit of 7/(h/(-2010))*(1 + 1)?
5
Suppose -o + i = -7 + 6, 13 = o + 3*i. Suppose 0 = -3*x - o*f + 1598, 9*x - 1618 = 6*x + f. What is the units digit of x?
8
Suppose 4*v = 5*r + 10565 - 483, -2*v = -6. Let t = r - -3295. What is the hundreds digit of t?
2
Let u = -9 - -11. Let o be 11/22 + 5/u. Suppose o*w + 0*t = 3*t + 57, -72 = -4*w + 5*t. What is the units digit of w?
3
Suppose -12*l - 4*l - 1968 = 0. Let y = 84 + l. Let b = y - -192. What is the units digit of b?
3
Let r(z) = 26*z**3 + 3*z**2 - 12*z + 5. Let m be r(3). Let d = m + -298. What is the hundreds digit of d?
4
Let z(u) be the third derivative of -u**5/60 - 7*u**4/12 - 4*u**3/3 - 3*u**2. Let g be z(-16). Let b = g + 55. What is the tens digit of b?
1
Let n be -1 - (2 + -11)/(6/42). Suppose -5*v + 5*u - 43 = n, -3 = -3*u. Let w = 64 - v. What is the tens digit of w?
8
Let a be 2 - (-24)/(-9) - 22/(-6). Suppose n = -a*n - k + 243, -3*k = -n + 77. What is the units digit of n?
2
Suppose -w = 0, 2*q + q = 3*w - 6. What is the tens digit of (667 - -20)/(1 + q/(-4))?
5
Suppose -4*t - 3*w = -29948, -t = -3*w - 2988 - 4499. What is the hundreds digit of t?
4
Let h = 4297 - 2836. What is the hundreds digit of h?
4
Suppose 5*n = 131 + 19. Suppose -n = -2*l + 20. Suppose -4*u + 173 = 5*g + 10, -g + 3*u = -l. What is the units digit of g?
1
Suppose -6 = 15*u - 9*u. Let w be (1*-1 + u)*1119/(-6). Suppose 5*o - w = 127. What is the tens digit of o?
0
Suppose -2*u + 406 = 2*d, -601 = -u - 2*u + 5*d. Suppose 5*p - 3*z - u = 304, p - 106 = -z. What is the units digit of p?
3
Suppose -2*k = 4*w - 77725 + 4498 + 7499, 0 = 4*k. What is the thousands digit of w?
6
Let f(k) = 2*k**2 - 8*k + 20. Suppose 7*l = 47 + 58. Suppose l*u - 27 = 12*u. What is the hundreds digit of f(u)?
1
Let u(t) = 1098*t**3 + t - 1. Let w be u(1). What is the units digit of 5/(60/w)*4?
6
Let w be ((-863)/4)/(4*(-10)/160). What is the units digit of (-40)/8 + -4 + w?
4
Let p be (-4)/(-14) + (-1146)/(-7). Suppose y - 600 = 4*r - p, -5*y = r - 2264. What is the tens digit of y?
5
What is the hundreds digit of -1 + 80490/90 - 2/(-3)?
8
Let w(v) = 64*v**2 - 9*v + 23. Let u be w(5). Suppose -3*d + u = 5*g, -g - 1566 = -3*d - 2*g. What is the units digit of d?
1
Suppose 22*b = 131*b - 1831418. What is the ten thousands digit of b?
1
Let b be (-1 - -9)*(-6)/(-4). Let q = b + 33. What is the tens digit of ((-210)/q)/((-1)/6)?
2
Let w(q) = 7*q. Let s be w(-2). Let c be 1200/14 - (-2 - 24/s). Suppose -c*o - 42 = -89*o. What is the units digit of o?
4
Let y(w) = w**3 - 14*w**2 - 2*w + 30. Let z be y(14). Suppose 2*q + 1890 = 5*j, j - 378 = -z*q + 12. What is the tens digit of j?
8
Suppose 2*d + 58 - 68 = 0. Suppose d*t = 7618 + 2. Suppose 9*w = -3*w + t. What is the tens digit of w?
2
Suppose 0 = 6*i - 23*i - 70186 + 356228. What is the ten thousands digit of i?
1
Let k = 21229 + -12082. What is the tens digit of k?
4
Let d = -185 - -440. Let o = 17 + -4. Suppose o*s - d = 10*s. What is the tens digit of s?
8
Suppose -g - 4*b - 14396 = 0, -7*g - 14424 = -6*g - 3*b. Let k be g/(-18) + 2/(-3). Suppose 2*y + 599 = 3*j, 6*y - 3*y = 4*j - k. What is the units digit of j?
7
What is the hundreds digit of 6 + (-11)/3 - 362376/(-54)?
7
What is the hundreds digit of 1279 + 26*(-2)/4?
2
Suppose -113*x + 98*x + 11265 = 0. Let n = x - -786. What is the thousands digit of n?
1
Suppose 18 = s - 7*s. What is the units digit of -24*6/(s*(-1)/(-2))?
6
Let a(f) = -f**3 - 9*f**2 + 11*f + 4. Let o be a(-10). Let d be 0/(2 - (-1 - o)). Suppose -b + 2*b - 218 = d. What is the hundreds digit of b?
2
Let w(b) = b**2 + 2*b - 6. Let m be w(2). Suppose -m*h + 176 = -5*c - 255, h + 2*c = 220. What is the units digit of h?
8
Let f(k) = 39*k**2 + 55*k + 453. What is the tens digit of f(18)?
7
What is the tens digit of 14/((-196)/(-21))*(1 + 3285)?
2
Suppose -9*o + 106728 = -178293. What is the ten thousands digit of o?
3
Let b(i) = -43*i + 15. Let h be b(17). Let c = 1096 + h. What is the units digit of c?
0
Let s(a) = -8 + 3 - 25*a - 238*a - 10 + 3. What is the tens digit of s(-6)?
6
What is the thousands digit of (10472/6 + -3)*(-51)/(-17)?
5
Suppose -2*u + 3*u - 1 = 0. Let o be (-4 - (u - -2)) + 4. What is the hundreds digit of 2/3 - (o + 1227/(-9))?
1
Suppose -6*x + 158678 = 6*x + 41774. What is the hundreds digit of x?
7
Suppose 15*u - 517499 = 247981. What is the tens digit of u?
3
Let r = -102 - -60. Let u = -66 - -143. Let w = r + u. What is the tens digit of w?
3
Let n(a) = -2*a**3 + 3*a**2 + 3*a - 8. Suppose -10 + 7 = -o. Let d be n(o). Let b = d + 29. What is the units digit of b?
3
Let j = -2127 - -1491. Let g = j + 1416. What is the tens digit of g?
8
Let p(m) = -27 + 11*m + 6 + 9 + 4. Let y be p(4). Suppose -h + 15 + 27 = s, s = 2*h + y. What is the tens digit of s?
4
Suppose 17*s = 16*s + 3060. Suppose 0 = 1897*a - 1902*a + s. What is the units digit of a?
2
Let z = -2188 + 3787. Let c = z + -561. What is the thousands digit of c?
1
Let k(l) = 3*l**2 + 12*l + 24. Let z be k(-23). Let h = z + 60. What is the hundreds digit of h?
3
Suppose 0 = -11*s + 10*s - 4*d + 44290, -5*s = 2*d - 221414. What is the ten 